{"id":180,"date":"2024-05-02T16:44:58","date_gmt":"2024-05-02T14:44:58","guid":{"rendered":"https:\/\/5lenguajesdelamor.elhogarquedeseo.com\/?page_id=180"},"modified":"2024-09-06T20:40:01","modified_gmt":"2024-09-06T18:40:01","slug":"5-lenguajes-para-adolescentes-2","status":"publish","type":"page","link":"https:\/\/5lenguajesdelamor.elhogarquedeseo.com\/?page_id=180","title":{"rendered":"5 lenguajes para adolescentes"},"content":{"rendered":"\n<p><\/p>\n\n\n\n<p><\/p>\n\n\n\n<div class=\"wp-block-media-text alignfull is-stacked-on-mobile\"><figure class=\"wp-block-media-text__media\"><img loading=\"lazy\" decoding=\"async\" width=\"371\" height=\"258\" src=\"https:\/\/5lenguajesdelamor.elhogarquedeseo.com\/wp-content\/uploads\/2024\/04\/5adolescentes371.png\" alt=\"\" class=\"wp-image-15 size-full\" srcset=\"https:\/\/5lenguajesdelamor.elhogarquedeseo.com\/wp-content\/uploads\/2024\/04\/5adolescentes371.png 371w, https:\/\/5lenguajesdelamor.elhogarquedeseo.com\/wp-content\/uploads\/2024\/04\/5adolescentes371-300x209.png 300w\" sizes=\"auto, (max-width: 371px) 100vw, 371px\" \/><\/figure><div class=\"wp-block-media-text__content\">\n<p><strong>En la adolescencia se va forjando la personalidad, puede costar encontrar el lenguaje para expresar el amor al hijo adolescente<\/strong>.<\/p>\n<\/div><\/div>\n\n\n<h2 style=\"text-align: center;\">Contenido del curso<\/h2>\n<ol>\n<li style=\"list-style-type: none;\">\n<ol>\n<li style=\"list-style-type: none;\">\n<ol>\n<li style=\"list-style-type: none;\">\n<ol>\n<li style=\"list-style-type: none;\">\n<ol>\n<li style=\"list-style-type: none;\">\n<ol>\n<li style=\"list-style-type: none;\">\n<ol>\n<li style=\"list-style-type: none;\">\n<ol>\n<li>\n<h5><a href=\"https:\/\/5lenguajesdelamor.elhogarquedeseo.com\/?page_id=189\">\u00bfQu\u00e9 es un adolescente<\/a><\/h5>\n<\/li>\n<li>\n<h5><a href=\"https:\/\/5lenguajesdelamor.elhogarquedeseo.com\/?page_id=191\">La clave el amor de los padres<\/a><\/h5>\n<\/li>\n<li>\n<h5><a href=\"https:\/\/5lenguajesdelamor.elhogarquedeseo.com\/?page_id=193\">Palabras de afirmaci\u00f3n<\/a><\/h5>\n<\/li>\n<li>\n<h5><a href=\"https:\/\/5lenguajesdelamor.elhogarquedeseo.com\/?page_id=196\">Toque f\u00edsico<\/a><\/h5>\n<\/li>\n<li>\n<h5><a href=\"https:\/\/5lenguajesdelamor.elhogarquedeseo.com\/?page_id=198\">Tiempo de calidad<\/a><\/h5>\n<\/li>\n<li>\n<h5><a href=\"https:\/\/5lenguajesdelamor.elhogarquedeseo.com\/?page_id=201\">Actos de servicio<\/a><\/h5>\n<\/li>\n<li>\n<h5><a href=\"https:\/\/5lenguajesdelamor.elhogarquedeseo.com\/?page_id=204\">Regalos<\/a><\/h5>\n<\/li>\n<li>\n<h5><a href=\"https:\/\/5lenguajesdelamor.elhogarquedeseo.com\/?page_id=207\">Enfados<\/a><\/h5>\n<\/li>\n<li>\n<h5><a href=\"https:\/\/5lenguajesdelamor.elhogarquedeseo.com\/?page_id=209\">Independencia y Responsabilidad<\/a><\/h5>\n<\/li>\n<li>\n<h5><a href=\"https:\/\/5lenguajesdelamor.elhogarquedeseo.com\/?page_id=212\">Cuando el joven falla<\/a><\/h5>\n<\/li>\n<\/ol>\n<\/li>\n<\/ol>\n<\/li>\n<\/ol>\n<\/li>\n<\/ol>\n<\/li>\n<\/ol>\n<\/li>\n<\/ol>\n<\/li>\n<\/ol>\n<\/li>\n<\/ol>\n\n\n<div class=\"wp-block-columns alignfull is-layout-flex wp-container-core-columns-is-layout-9d6595d7 wp-block-columns-is-layout-flex\">\n<div class=\"wp-block-column is-layout-flow wp-block-column-is-layout-flow\" style=\"flex-basis:25%\"><\/div>\n\n\n\n<div class=\"wp-block-column is-layout-flow wp-block-column-is-layout-flow\" style=\"flex-basis:50%\">\n<div class=\"wp-block-buttons is-content-justification-center is-layout-flex wp-container-core-buttons-is-layout-16018d1d wp-block-buttons-is-layout-flex\">\n<div class=\"wp-block-button\"><a class=\"wp-block-button__link wp-element-button\" href=\"https:\/\/5lenguajesdelamor.elhogarquedeseo.com\/\">Ir al incio<\/a><\/div>\n<\/div>\n<\/div>\n\n\n\n<div class=\"wp-block-column is-layout-flow wp-block-column-is-layout-flow\" style=\"flex-basis:25%\">\n<p><\/p>\n<\/div>\n<\/div>\n","protected":false},"excerpt":{"rendered":"<p>En la adolescencia se va forjando la personalidad, puede costar encontrar el lenguaje para expresar el amor al hijo adolescente. Contenido del curso \u00bfQu\u00e9 es un adolescente La clave el amor de los padres Palabras de afirmaci\u00f3n Toque f\u00edsico Tiempo de calidad Actos de servicio Regalos Enfados Independencia y Responsabilidad Cuando el joven falla<\/p>\n","protected":false},"author":2,"featured_media":0,"parent":0,"menu_order":0,"comment_status":"closed","ping_status":"closed","template":"","meta":{"hide_page_title":"","_coblocks_attr":"","_coblocks_dimensions":"","_coblocks_responsive_height":"","_coblocks_accordion_ie_support":"","footnotes":""},"class_list":["post-180","page","type-page","status-publish","hentry"],"_links":{"self":[{"href":"https:\/\/5lenguajesdelamor.elhogarquedeseo.com\/index.php?rest_route=\/wp\/v2\/pages\/180","targetHints":{"allow":["GET"]}}],"collection":[{"href":"https:\/\/5lenguajesdelamor.elhogarquedeseo.com\/index.php?rest_route=\/wp\/v2\/pages"}],"about":[{"href":"https:\/\/5lenguajesdelamor.elhogarquedeseo.com\/index.php?rest_route=\/wp\/v2\/types\/page"}],"author":[{"embeddable":true,"href":"https:\/\/5lenguajesdelamor.elhogarquedeseo.com\/index.php?rest_route=\/wp\/v2\/users\/2"}],"replies":[{"embeddable":true,"href":"https:\/\/5lenguajesdelamor.elhogarquedeseo.com\/index.php?rest_route=%2Fwp%2Fv2%2Fcomments&post=180"}],"version-history":[{"count":9,"href":"https:\/\/5lenguajesdelamor.elhogarquedeseo.com\/index.php?rest_route=\/wp\/v2\/pages\/180\/revisions"}],"predecessor-version":[{"id":353,"href":"https:\/\/5lenguajesdelamor.elhogarquedeseo.com\/index.php?rest_route=\/wp\/v2\/pages\/180\/revisions\/353"}],"wp:attachment":[{"href":"https:\/\/5lenguajesdelamor.elhogarquedeseo.com\/index.php?rest_route=%2Fwp%2Fv2%2Fmedia&parent=180"}],"curies":[{"name":"wp","href":"https:\/\/api.w.org\/{rel}","templated":true}]}}