{"id":111,"date":"2024-05-02T12:51:16","date_gmt":"2024-05-02T10:51:16","guid":{"rendered":"https:\/\/5lenguajesdelamor.elhogarquedeseo.com\/?page_id=111"},"modified":"2024-09-06T18:56:01","modified_gmt":"2024-09-06T16:56:01","slug":"leccion-9","status":"publish","type":"page","link":"https:\/\/5lenguajesdelamor.elhogarquedeseo.com\/?page_id=111","title":{"rendered":"Lecci\u00f3n 9"},"content":{"rendered":"\n<figure class=\"wp-block-embed alignfull is-type-video is-provider-vimeo wp-block-embed-vimeo wp-embed-aspect-16-9 wp-has-aspect-ratio\"><div class=\"wp-block-embed__wrapper\">\n<iframe loading=\"lazy\" src=\"https:\/\/player.vimeo.com\/video\/523140407?h=490619d425&amp;dnt=1&amp;app_id=122963\" width=\"660\" height=\"371\" frameborder=\"0\" allow=\"autoplay; fullscreen; picture-in-picture; clipboard-write\"><\/iframe>\n<\/div><\/figure>\n\n\n<h3 style=\"text-align: center;\"><strong>CONTENIDO DEL CURSO<\/strong><\/h3>\n<ol>\n<li style=\"list-style-type: none;\">\n<ol>\n<li style=\"list-style-type: none;\">\n<ol>\n<li style=\"list-style-type: none;\">\n<ol>\n<li style=\"list-style-type: none;\">\n<ol>\n<li style=\"list-style-type: none;\">\n<ol>\n<li>\n<h5><a href=\"https:\/\/5lenguajesdelamor.elhogarquedeseo.com\/?page_id=28\">Introducci\u00f3n: Los 5 lenguajes del amor<\/a><\/h5>\n<\/li>\n<li>\n<h5><a href=\"https:\/\/5lenguajesdelamor.elhogarquedeseo.com\/?page_id=85\">Del enamoramiento al amor aut\u00e9ntico<\/a><\/h5>\n<\/li>\n<li>\n<h5><a href=\"https:\/\/5lenguajesdelamor.elhogarquedeseo.com\/?page_id=88\">Tanque del amor<\/a><\/h5>\n<\/li>\n<li>\n<h5><a href=\"https:\/\/5lenguajesdelamor.elhogarquedeseo.com\/?page_id=92\">Palabras de afirmaci\u00f3n<\/a>\u00a0<\/h5>\n<\/li>\n<li>\n<h5><a href=\"https:\/\/5lenguajesdelamor.elhogarquedeseo.com\/?page_id=95\">Tiempo de calidad<\/a><\/h5>\n<\/li>\n<li>\n<h5><a href=\"https:\/\/5lenguajesdelamor.elhogarquedeseo.com\/?page_id=99\">Regalos, Actos de servicio, Toque f\u00edsico<\/a>\u00a0<\/h5>\n<\/li>\n<li>\n<h5><a href=\"https:\/\/5lenguajesdelamor.elhogarquedeseo.com\/?page_id=103\">Descubre tu lenguaje<\/a><\/h5>\n<\/li>\n<li>\n<h5><a href=\"https:\/\/5lenguajesdelamor.elhogarquedeseo.com\/?page_id=106\">El amor es una decisi\u00f3n<\/a><\/h5>\n<\/li>\n<li>\n<h5><a href=\"https:\/\/5lenguajesdelamor.elhogarquedeseo.com\/?page_id=111\">El amor marca la diferencia<\/a><\/h5>\n<\/li>\n<li>\n<h5><a href=\"https:\/\/5lenguajesdelamor.elhogarquedeseo.com\/?page_id=115\">Ama a quien no merece amor<\/a><\/h5>\n<\/li>\n<\/ol>\n<\/li>\n<\/ol>\n<\/li>\n<\/ol>\n<\/li>\n<\/ol>\n<\/li>\n<\/ol>\n<\/li>\n<\/ol>\n\n\n<div class=\"wp-block-buttons is-content-justification-center is-layout-flex wp-container-core-buttons-is-layout-16018d1d wp-block-buttons-is-layout-flex\">\n<div class=\"wp-block-button\"><a class=\"wp-block-button__link wp-element-button\" href=\"https:\/\/5lenguajesdelamor.elhogarquedeseo.com\/\">Volver al inicio<\/a><\/div>\n<\/div>\n","protected":false},"excerpt":{"rendered":"<p>CONTENIDO DEL CURSO Introducci\u00f3n: Los 5 lenguajes del amor Del enamoramiento al amor aut\u00e9ntico Tanque del amor Palabras de afirmaci\u00f3n\u00a0 Tiempo de calidad Regalos, Actos de servicio, Toque f\u00edsico\u00a0 Descubre tu lenguaje El amor es una decisi\u00f3n El amor marca la diferencia Ama a quien no merece amor<\/p>\n","protected":false},"author":2,"featured_media":0,"parent":0,"menu_order":0,"comment_status":"closed","ping_status":"closed","template":"","meta":{"hide_page_title":"","_coblocks_attr":"","_coblocks_dimensions":"","_coblocks_responsive_height":"","_coblocks_accordion_ie_support":"","footnotes":""},"class_list":["post-111","page","type-page","status-publish","hentry"],"_links":{"self":[{"href":"https:\/\/5lenguajesdelamor.elhogarquedeseo.com\/index.php?rest_route=\/wp\/v2\/pages\/111","targetHints":{"allow":["GET"]}}],"collection":[{"href":"https:\/\/5lenguajesdelamor.elhogarquedeseo.com\/index.php?rest_route=\/wp\/v2\/pages"}],"about":[{"href":"https:\/\/5lenguajesdelamor.elhogarquedeseo.com\/index.php?rest_route=\/wp\/v2\/types\/page"}],"author":[{"embeddable":true,"href":"https:\/\/5lenguajesdelamor.elhogarquedeseo.com\/index.php?rest_route=\/wp\/v2\/users\/2"}],"replies":[{"embeddable":true,"href":"https:\/\/5lenguajesdelamor.elhogarquedeseo.com\/index.php?rest_route=%2Fwp%2Fv2%2Fcomments&post=111"}],"version-history":[{"count":4,"href":"https:\/\/5lenguajesdelamor.elhogarquedeseo.com\/index.php?rest_route=\/wp\/v2\/pages\/111\/revisions"}],"predecessor-version":[{"id":318,"href":"https:\/\/5lenguajesdelamor.elhogarquedeseo.com\/index.php?rest_route=\/wp\/v2\/pages\/111\/revisions\/318"}],"wp:attachment":[{"href":"https:\/\/5lenguajesdelamor.elhogarquedeseo.com\/index.php?rest_route=%2Fwp%2Fv2%2Fmedia&parent=111"}],"curies":[{"name":"wp","href":"https:\/\/api.w.org\/{rel}","templated":true}]}}